{"id":6585,"date":"2013-08-06T23:38:04","date_gmt":"2013-08-07T03:38:04","guid":{"rendered":"https:\/\/sporobole.org\/diffusion\/table-ronde-le-monde-du-sport-questions-dethique-et-desthetique\/"},"modified":"2024-06-13T16:56:57","modified_gmt":"2024-06-13T20:56:57","slug":"table-ronde-le-monde-du-sport-questions-dethique-et-desthetique","status":"publish","type":"standish_evenements","link":"https:\/\/sporobole.org\/en\/broadcast\/table-ronde-le-monde-du-sport-questions-dethique-et-desthetique\/","title":{"rendered":"ROUND TABLE \/ THE WORLD OF SPORT &#8211; ETHICAL AND AESTHETIC ISSUES"},"content":{"rendered":"<p>JEAN-MARC ADJIZIAN &#8211; ALAIN DENEAULT &#8211; JEAN-FRAN\u00c7OIS PROST<\/p>\n<p>This summer, as the City of Sherbrooke hosts the Canada Games, Sporobole is holding a roundtable discussion on the place of sport in our cities and in the broader culture. Through the words of three speakers from the fields of art and architecture, philosophy, sociology and geography, the event seeks to explore some of the major issues that characterize the relationship between the world of sport and the population.<\/p>\n<p>Jean-Marc Adjizian holds a master&#8217;s degree in geography from the Universit\u00e9 du Qu\u00e9bec \u00e0 Montr\u00e9al and is pursuing a doctorate in physical activity and sports science at the University of Ottawa. He was responsible for research on the mobilizing and integrating effects of the outdoor skating rink of the Bleu, Blanc, Bouge project in Montr\u00e9al-Nord conducted by UQ\u00c0M&#8217;s Groupe de recherche sur les espaces festifs (GREF).<\/p>\n<p>As part of his presentation, Mr Adjizian will discuss the impacts of local sports facilities on local populations and the urban landscape as a whole.<\/p>\n<p>Alain Deneault holds a PhD in philosophy from the University of Paris-VIII and teaches critical thinking in the Department of Political Science at the Universit\u00e9 de Montr\u00e9al. He is the author of Noir Canada, Offshore, Faire l&#8217;\u00e9conomie de la haine (\u00c9cosoci\u00e9t\u00e9) and Gouvernance: le management totalitaire (Lux).<\/p>\n<p>Mr. Deneault will present an analysis of the mass sports spectacle as an ideological support. The first step will be to present the sports stadium as a vast reality TV studio and to analyse the images produced. These images and the global imagination that the sports show engages will appear to be the bearers of a large number of controversial proposals, which are magnified by the figure of the athlete and the stories of victory.<\/p>\n<p>Jean-Fran\u00e7ois Prost is an artist who graduated in architecture from Carleton University in Ottawa and in environmental design from UQ\u00c0M. Combining urban interventions, installations and manoeuvres, he pursues a critical reflection on our relationship with space.<\/p>\n<p>The All Aboard action (AA41) initiated in the context of the London component of the AA platform (Adaptive Actions) and carried out in collaboration with the East London SPACE Art Centre will be addressed by Mr. Prost. In September 2007, as the authorities surrounded the London 2012 Olympic Games site with an 18 km long blue wall, repainting daily any attempt at visual expression or protest, Adaptive Actions created extensions to the Olympic wall, painting objects found around the site.<\/p>\n<div class=\"entry-content-asset videofit\"><iframe loading=\"lazy\" title=\"01 \/\/\/ Jean-Marc Adjizian \/\/\/ Table ronde\" src=\"https:\/\/player.vimeo.com\/video\/77542546?dnt=1&amp;app_id=122963\" width=\"720\" height=\"405\" frameborder=\"0\" allow=\"autoplay; fullscreen; picture-in-picture; clipboard-write\"><\/iframe><\/div>\n<div class=\"entry-content-asset videofit\"><iframe loading=\"lazy\" title=\"02 \/\/\/ Jean-Marc Adjizian \/\/\/ Table ronde\" src=\"https:\/\/player.vimeo.com\/video\/77542548?dnt=1&amp;app_id=122963\" width=\"720\" height=\"405\" frameborder=\"0\" allow=\"autoplay; fullscreen; picture-in-picture; clipboard-write\"><\/iframe><\/div>\n<div class=\"entry-content-asset videofit\"><iframe loading=\"lazy\" title=\"01 \/\/\/ Jean-Fran\u00e7ois Prost \/\/\/ Table ronde\" src=\"https:\/\/player.vimeo.com\/video\/77795976?dnt=1&amp;app_id=122963\" width=\"720\" height=\"405\" frameborder=\"0\" allow=\"autoplay; fullscreen; picture-in-picture; clipboard-write\"><\/iframe><\/div>\n<div class=\"entry-content-asset videofit\"><iframe loading=\"lazy\" title=\"02 \/\/\/ Jean-Fran\u00e7ois Prost \/\/\/ Table ronde\" src=\"https:\/\/player.vimeo.com\/video\/77795978?dnt=1&amp;app_id=122963\" width=\"720\" height=\"405\" frameborder=\"0\" allow=\"autoplay; fullscreen; picture-in-picture; clipboard-write\"><\/iframe><\/div>\n<div class=\"entry-content-asset videofit\"><iframe loading=\"lazy\" title=\"03 \/\/\/ Jean-Fran\u00e7ois Prost \/\/\/ Table ronde\" src=\"https:\/\/player.vimeo.com\/video\/77825544?dnt=1&amp;app_id=122963\" width=\"720\" height=\"405\" frameborder=\"0\" allow=\"autoplay; fullscreen; picture-in-picture; clipboard-write\"><\/iframe><\/div>\n<div class=\"entry-content-asset videofit\"><iframe loading=\"lazy\" title=\"04 \/\/\/ Jean-Fran\u00e7ois Prost \/\/\/ Table ronde\" src=\"https:\/\/player.vimeo.com\/video\/77825543?dnt=1&amp;app_id=122963\" width=\"720\" height=\"405\" frameborder=\"0\" allow=\"autoplay; fullscreen; picture-in-picture; clipboard-write\"><\/iframe><\/div>\n<div class=\"entry-content-asset videofit\"><iframe loading=\"lazy\" title=\"05 \/\/\/ Jean-Fran\u00e7ois Prost \/\/\/ Table ronde\" src=\"https:\/\/player.vimeo.com\/video\/78210886?dnt=1&amp;app_id=122963\" width=\"720\" height=\"405\" frameborder=\"0\" allow=\"autoplay; fullscreen; picture-in-picture; clipboard-write\"><\/iframe><\/div>\n<div class=\"entry-content-asset videofit\"><iframe loading=\"lazy\" title=\"01 \/\/\/ Alain Deneault \/\/\/ Table ronde\" src=\"https:\/\/player.vimeo.com\/video\/77542550?dnt=1&amp;app_id=122963\" width=\"720\" height=\"405\" frameborder=\"0\" allow=\"autoplay; fullscreen; picture-in-picture; clipboard-write\"><\/iframe><\/div>\n<div class=\"entry-content-asset videofit\"><iframe loading=\"lazy\" title=\"02 \/\/\/ Alain Deneault \/\/\/ Table ronde\" src=\"https:\/\/player.vimeo.com\/video\/77795972?dnt=1&amp;app_id=122963\" width=\"720\" height=\"405\" frameborder=\"0\" allow=\"autoplay; fullscreen; picture-in-picture; clipboard-write\"><\/iframe><\/div>\n<div class=\"entry-content-asset videofit\"><iframe loading=\"lazy\" title=\"03 \/\/\/ Alain Deneault \/\/\/ Table ronde\" src=\"https:\/\/player.vimeo.com\/video\/77795974?dnt=1&amp;app_id=122963\" width=\"720\" height=\"405\" frameborder=\"0\" allow=\"autoplay; fullscreen; picture-in-picture; clipboard-write\"><\/iframe><\/div>\n<div class=\"entry-content-asset videofit\"><iframe loading=\"lazy\" title=\"04 \/\/\/ Alain Deneault \/\/\/ Table ronde\" src=\"https:\/\/player.vimeo.com\/video\/77795975?dnt=1&amp;app_id=122963\" width=\"720\" height=\"405\" frameborder=\"0\" allow=\"autoplay; fullscreen; picture-in-picture; clipboard-write\"><\/iframe><\/div>\n<p>&nbsp;<\/p>\n<div id=\"badge\">\n<div><\/div>\n<div><\/div>\n<\/div>\n","protected":false},"excerpt":{"rendered":"<p>JEAN-MARC ADJIZIAN &#8211; ALAIN DENEAULT &#8211; JEAN-FRAN\u00c7OIS PROST This summer, as the City of Sherbrooke hosts the Canada Games, Sporobole is holding a roundtable discussion on the place of sport in our cities and in the broader culture. Through the words of three speakers from the fields of art and architecture, philosophy, sociology and geography,&#8230;<\/p>\n","protected":false},"author":2,"featured_media":6586,"template":"","meta":{"_acf_changed":false,"_kad_blocks_custom_css":"","_kad_blocks_head_custom_js":"","_kad_blocks_body_custom_js":"","_kad_blocks_footer_custom_js":"","_kadence_starter_templates_imported_post":false,"_kad_post_transparent":"","_kad_post_title":"","_kad_post_layout":"","_kad_post_sidebar_id":"","_kad_post_content_style":"","_kad_post_vertical_padding":"","_kad_post_feature":"","_kad_post_feature_position":"","_kad_post_header":false,"_kad_post_footer":false},"standish_evenements_category":[33,35],"class_list":["post-6585","standish_evenements","type-standish_evenements","status-publish","has-post-thumbnail","hentry","standish_evenements_category-event","standish_evenements_category-mediation-en"],"acf":[],"taxonomy_info":{"standish_evenements_category":[{"value":33,"label":"Event"},{"value":35,"label":"Mediation"}]},"featured_image_src_large":["https:\/\/sporobole.org\/wp-content\/uploads\/2024\/04\/bandeau_event_10aout.png",960,262,false],"author_info":{"display_name":"jfares","author_link":"https:\/\/sporobole.org\/en\/author\/jfares\/"},"comment_info":"","_links":{"self":[{"href":"https:\/\/sporobole.org\/en\/wp-json\/wp\/v2\/standish_evenements\/6585","targetHints":{"allow":["GET"]}}],"collection":[{"href":"https:\/\/sporobole.org\/en\/wp-json\/wp\/v2\/standish_evenements"}],"about":[{"href":"https:\/\/sporobole.org\/en\/wp-json\/wp\/v2\/types\/standish_evenements"}],"author":[{"embeddable":true,"href":"https:\/\/sporobole.org\/en\/wp-json\/wp\/v2\/users\/2"}],"wp:featuredmedia":[{"embeddable":true,"href":"https:\/\/sporobole.org\/en\/wp-json\/wp\/v2\/media\/6586"}],"wp:attachment":[{"href":"https:\/\/sporobole.org\/en\/wp-json\/wp\/v2\/media?parent=6585"}],"wp:term":[{"taxonomy":"standish_evenements_category","embeddable":true,"href":"https:\/\/sporobole.org\/en\/wp-json\/wp\/v2\/standish_evenements_category?post=6585"}],"curies":[{"name":"wp","href":"https:\/\/api.w.org\/{rel}","templated":true}]}}

<p>JEAN-MARC ADJIZIAN &#8211; ALAIN DENEAULT &#8211; JEAN-FRANÇOIS PROST</p>
<p>This summer, as the City of Sherbrooke hosts the Canada Games, Sporobole is holding a roundtable discussion on the place of sport in our cities and in the broader culture. Through the words of three speakers from the fields of art and architecture, philosophy, sociology and geography, the event seeks to explore some of the major issues that characterize the relationship between the world of sport and the population.</p>
<p>Jean-Marc Adjizian holds a master&#8217;s degree in geography from the Université du Québec à Montréal and is pursuing a doctorate in physical activity and sports science at the University of Ottawa. He was responsible for research on the mobilizing and integrating effects of the outdoor skating rink of the Bleu, Blanc, Bouge project in Montréal-Nord conducted by UQÀM&#8217;s Groupe de recherche sur les espaces festifs (GREF).</p>
<p>As part of his presentation, Mr Adjizian will discuss the impacts of local sports facilities on local populations and the urban landscape as a whole.</p>
<p>Alain Deneault holds a PhD in philosophy from the University of Paris-VIII and teaches critical thinking in the Department of Political Science at the Université de Montréal. He is the author of Noir Canada, Offshore, Faire l&#8217;économie de la haine (Écosociété) and Gouvernance: le management totalitaire (Lux).</p>
<p>Mr. Deneault will present an analysis of the mass sports spectacle as an ideological support. The first step will be to present the sports stadium as a vast reality TV studio and to analyse the images produced. These images and the global imagination that the sports show engages will appear to be the bearers of a large number of controversial proposals, which are magnified by the figure of the athlete and the stories of victory.</p>
<p>Jean-François Prost is an artist who graduated in architecture from Carleton University in Ottawa and in environmental design from UQÀM. Combining urban interventions, installations and manoeuvres, he pursues a critical reflection on our relationship with space.</p>
<p>The All Aboard action (AA41) initiated in the context of the London component of the AA platform (Adaptive Actions) and carried out in collaboration with the East London SPACE Art Centre will be addressed by Mr. Prost. In September 2007, as the authorities surrounded the London 2012 Olympic Games site with an 18 km long blue wall, repainting daily any attempt at visual expression or protest, Adaptive Actions created extensions to the Olympic wall, painting objects found around the site.</p>
<div class="entry-content-asset videofit"><iframe loading="lazy" title="01 /// Jean-Marc Adjizian /// Table ronde" src="https://player.vimeo.com/video/77542546?dnt=1&amp;app_id=122963" width="720" height="405" frameborder="0" allow="autoplay; fullscreen; picture-in-picture; clipboard-write"></iframe></div>
<div class="entry-content-asset videofit"><iframe loading="lazy" title="02 /// Jean-Marc Adjizian /// Table ronde" src="https://player.vimeo.com/video/77542548?dnt=1&amp;app_id=122963" width="720" height="405" frameborder="0" allow="autoplay; fullscreen; picture-in-picture; clipboard-write"></iframe></div>
<div class="entry-content-asset videofit"><iframe loading="lazy" title="01 /// Jean-François Prost /// Table ronde" src="https://player.vimeo.com/video/77795976?dnt=1&amp;app_id=122963" width="720" height="405" frameborder="0" allow="autoplay; fullscreen; picture-in-picture; clipboard-write"></iframe></div>
<div class="entry-content-asset videofit"><iframe loading="lazy" title="02 /// Jean-François Prost /// Table ronde" src="https://player.vimeo.com/video/77795978?dnt=1&amp;app_id=122963" width="720" height="405" frameborder="0" allow="autoplay; fullscreen; picture-in-picture; clipboard-write"></iframe></div>
<div class="entry-content-asset videofit"><iframe loading="lazy" title="03 /// Jean-François Prost /// Table ronde" src="https://player.vimeo.com/video/77825544?dnt=1&amp;app_id=122963" width="720" height="405" frameborder="0" allow="autoplay; fullscreen; picture-in-picture; clipboard-write"></iframe></div>
<div class="entry-content-asset videofit"><iframe loading="lazy" title="04 /// Jean-François Prost /// Table ronde" src="https://player.vimeo.com/video/77825543?dnt=1&amp;app_id=122963" width="720" height="405" frameborder="0" allow="autoplay; fullscreen; picture-in-picture; clipboard-write"></iframe></div>
<div class="entry-content-asset videofit"><iframe loading="lazy" title="05 /// Jean-François Prost /// Table ronde" src="https://player.vimeo.com/video/78210886?dnt=1&amp;app_id=122963" width="720" height="405" frameborder="0" allow="autoplay; fullscreen; picture-in-picture; clipboard-write"></iframe></div>
<div class="entry-content-asset videofit"><iframe loading="lazy" title="01 /// Alain Deneault /// Table ronde" src="https://player.vimeo.com/video/77542550?dnt=1&amp;app_id=122963" width="720" height="405" frameborder="0" allow="autoplay; fullscreen; picture-in-picture; clipboard-write"></iframe></div>
<div class="entry-content-asset videofit"><iframe loading="lazy" title="02 /// Alain Deneault /// Table ronde" src="https://player.vimeo.com/video/77795972?dnt=1&amp;app_id=122963" width="720" height="405" frameborder="0" allow="autoplay; fullscreen; picture-in-picture; clipboard-write"></iframe></div>
<div class="entry-content-asset videofit"><iframe loading="lazy" title="03 /// Alain Deneault /// Table ronde" src="https://player.vimeo.com/video/77795974?dnt=1&amp;app_id=122963" width="720" height="405" frameborder="0" allow="autoplay; fullscreen; picture-in-picture; clipboard-write"></iframe></div>
<div class="entry-content-asset videofit"><iframe loading="lazy" title="04 /// Alain Deneault /// Table ronde" src="https://player.vimeo.com/video/77795975?dnt=1&amp;app_id=122963" width="720" height="405" frameborder="0" allow="autoplay; fullscreen; picture-in-picture; clipboard-write"></iframe></div>
<p>&nbsp;</p>
<div id="badge">
<div></div>
<div></div>
</div>

<p>JEAN-MARC ADJIZIAN &#8211; ALAIN DENEAULT &#8211; JEAN-FRANÇOIS PROST This summer, as the City of Sherbrooke hosts the Canada Games, Sporobole is holding a roundtable discussion on the place of sport in our cities and in the broader culture. Through the words of three speakers from the fields of art and architecture, philosophy, sociology and geography,&#8230;</p>
